hat is the ten millions digit of 34155946?
3
What is the ten thousands digit of 287803504?
0
What is the tens digit of 86319531?
3
What is the thousands digit of 165953269?
3
What is the hundred thousands digit of 103325485?
3
What is the tens digit of 280205218?
1
What is the thousands digit of 299928773?
8
What is the hundred thousands digit of 41365496?
3
What is the tens digit of 38123388?
8
What is the tens digit of 126177545?
4
What is the billions digit of 2110931789?
2
What is the thousands digit of 527294414?
4
What is the hundred millions digit of 660292652?
6
What is the millions digit of 179528339?
9
What is the millions digit of 1235620556?
5
What is the units digit of 703864119?
9
What is the ten millions digit of 52285192?
5
What is the hundred thousands digit of 166883250?
8
What is the units digit of 739688783?
3
What is the thousands digit of 6695355815?
5
What is the hundreds digit of 811971300?
3
What is the units digit of 40476745?
5
What is the units digit of 7566176?
6
What is the millions digit of 986746904?
6
What is the units digit of 39420065?
5
What is the units digit of 522268752?
2
What is the ten millions digit of 2166007146?
6
What is the hundred thousands digit of 381120506?
1
What is the ten millions digit of 24066145?
2
What is the hundreds digit of 152151940?
9
What is the millions digit of 167672185?
7
What is the hundreds digit of 795434448?
4
What is the billions digit of 2327818660?
2
What is the millions digit of 1552711510?
2
What is the ten millions digit of 2424157111?
2
What is the thousands digit of 629170736?
0
What is the units digit of 1284009269?
9
What is the thousands digit of 2254036087?
6
What is the units digit of 818767521?
1
What is the ten thousands digit of 13390426?
9
What is the ten thousands digit of 148298784?
9
What is the units digit of 1197564074?
4
What is the hundred thousands digit of 20477303?
4
What is the hundreds digit of 1065818806?
8
What is the millions digit of 229353095?
9
What is the hundreds digit of 13066011?
0
What is the hundred thousands digit of 55957046?
9
What is the thousands digit of 461053192?
3
What is the ten millions digit of 278006385?
7
What is the hundred thousands digit of 52300638?
3
What is the hundred thousands digit of 8204405?
2
What is the hundreds digit of 1654410211?
2
What is the tens digit of 47363670?
7
What is the ten thousands digit of 2497280390?
8
What is the hundreds digit of 334022248?
2
What is the hundred millions digit of 425910065?
4
What is the thousands digit of 997293971?
3
What is the hundred thousands digit of 184959540?
9
What is the ten thousands digit of 144624554?
2
What is the units digit of 44429843?
3
What is the millions digit of 72524690?
2
What is the tens digit of 9937910?
1
What is the ten thousands digit of 346420762?
2
What is the hundred millions digit of 2163933043?
1
What is the tens digit of 616848366?
6
What is the millions digit of 48851779?
8
What is the tens digit of 4158182?
8
What is the millions digit of 228630774?
8
What is the billions digit of 1509177381?
1
What is the units digit of 1417484593?
3
What is the tens digit of 2477368494?
9
What is the hundred thousands digit of 2071877085?
8
What is the tens digit of 902155622?
2
What is the ten millions digit of 665189402?
6
What is the hundreds digit of 3952489?
4
What is the billions digit of 1267036544?
1
What is the billions digit of 2242294541?
2
What is the hundreds digit of 450811270?
2
What is the hundreds digit of 533452?
4
What is the tens digit of 678942755?
5
What is the ten thousands digit of 49837714?
3
What is the millions digit of 67233342?
7
What is the millions digit of 281684893?
1
What is the units digit of 72782811?
1
What is the hundred millions digit of 502046055?
5
What is the thousands digit of 133981266?
1
What is the ten millions digit of 1058563646?
5
What is the hundred thousands digit of 38358772?
3
What is the ten thousands digit of 3693511050?
1
What is the billions digit of 1074591163?
1
What is the ten thousands digit of 2525073313?
7
What is the millions digit of 93426479?
3
What is the millions digit of 5445450?
5
What is the hundred thousands digit of 734604625?
6
What is the millions digit of 370123001?
0
What is the ten thousands digit of 1704525728?
2
What is the hundred millions digit of 2525772205?
5
What is the hundreds digit of 2586275137?
1
What is the tens digit of 90320500?
0
What is the hundred thousands digit of 39272411?
2
What is the millions digit of 39653637?
9
What is the millions digit of 253441505?
3
What is the hundred thousands digit of 574490919?
4
What is the thousands digit of 113089208?
9
What is the millions digit of 661491248?
1
What is the ten thousands digit of 499605487?
0
What is the ten millions digit of 567632398?
6
What is the ten thousands digit of 390332778?
3
What is the hundreds digit of 123343899?
8
What is the hundred thousands digit of 95838787?
8
What is the ten millions digit of 343579581?
4
What is the thousands digit of 536766614?
6
What is the millions digit of 1246980160?
6
What is the units digit of 8961436?
6
What is the hundred thousands digit of 42276609?
2
What is the hundreds digit of 2238721193?
1
What is the billions digit of 1668070209?
1
What is the ten millions digit of 85182403?
8
What is the hundreds digit of 254552016?
0
What is the ten thousands digit of 178544557?
4
What is the ten thousands digit of 2382028510?
2
What is the units digit of 89347050?
0
What is the ten millions digit of 51728030?
5
What is the ten thousands digit of 42673032?
7
What is the ten millions digit of 51601817?
5
What is the millions digit of 1708953916?
8
What is the units digit of 3108824133?
3
What is the hundreds digit of 4179713968?
9
What is the hundreds digit of 63011835?
8
What is the thousands digit of 45739143?
9
What is the ten millions digit of 25890742?
2
What is the ten millions digit of 4809689492?
0
What is the thousands digit of 103944843?
4
What is the ten thousands digit of 3803748420?
4
What is the millions digit of 37476130?
7
What is the ten millions digit of 2090067646?
9
What is the thousands digit of 2728365284?
5
What is the hundreds digit of 218841622?
6
What is the ten millions digit of 394752305?
9
What is the thousands digit of 3485818?
5
What is the ten millions digit of 261907058?
6
What is the thousands digit of 7245951364?
1
What is the billions digit of 3413623409?
3
What is the ten millions digit of 559119526?
5
What is the millions digit of 19757577?
9
What is the thousands digit of 42518200?
8
What is the units digit of 312472495?
5
What is the hundred thousands digit of 15729651?
7
What is the millions digit of 62266487?
2
What is the hundred thousands digit of 133940673?
9
What is the hundreds digit of 84488471?
4
What is the units digit of 25218773?
3
What is the millions digit of 210465724?
0
What is the units digit of 15703606?
6
What is the hundreds digit of 1304097861?
8
What is the ten millions digit of 4541051586?
4
What is the millions digit of 70763074?
0
What is the thousands digit of 41449593?
9
What is the billions digit of 1656841018?
1
What is the tens digit of 2384201102?
0
What is the tens digit of 85793675?
7
What is the hundred millions digit of 175908098?
1
What is the tens digit of 7233661?
6
What is the thousands digit of 104523489?
3
What is the millions digit of 69980397?
9
What is the hundred millions digit of 1520738318?
5
What is the tens digit of 1122052474?
7
What is the ten millions digit of 124194673?
2
What is the ten millions digit of 327235768?
2
What is the thousands digit of 1454462339?
2
What is the millions digit of 15534169?
5
What is the thousands digit of 84264080?
4
What is the hundred millions digit of 592064899?
5
What is the hundreds digit of 64089831?
8
What is the ten thousands digit of 462329416?
2
What is the hundred millions digit of 590712969?
5
What is the hundreds digit of 20248427?
4
What is the hundreds digit of 20991968?
9
What is the ten thousands digit of 55827572?
2
What is the ten thousands digit of 318550413?
5
What is the ten thousands digit of 1465518363?
1
What is the millions digit of 5974330?
5
What is the hundreds digit of 394875847?
8
What is the units digit of 22